8?
512
Calculate the highest common divisor of 22838400 and 1170.
1170
Calculate the highest common divisor of 535 and 763266845.
535
What is the highest common divisor of 9904326 and 366?
366
Calculate the greatest common divisor of 2383 and 109.
1
Calculate the highest common divisor of 41165 and 20595.
5
What is the greatest common divisor of 42925 and 10990925?
425
What is the highest common factor of 116254217 and 95?
19
Calculate the highest common divisor of 182 and 1321573162.
182
What is the highest common divisor of 15147 and 64889?
187
What is the highest common factor of 40844629 and 7?
7
Calculate the highest common factor of 13110244 and 56.
28
What is the greatest common divisor of 220417835 and 1595?
1595
Calculate the greatest common factor of 206812563 and 426.
213
What is the greatest common factor of 11069605 and 16040?
2005
Calculate the highest common divisor of 75976 and 1084.
4
Calculate the greatest common factor of 104 and 2068898.
26
What is the highest common divisor of 4135 and 2594299?
827
What is the greatest common divisor of 322 and 74359516?
14
What is the highest common divisor of 8082134 and 244?
122
What is the greatest common divisor of 93859 and 2554163?
1997
What is the greatest common divisor of 4880541 and 9?
3
What is the greatest common divisor of 181706 and 10?
2
What is the highest common divisor of 48 and 125135436?
12
What is the greatest common factor of 6920 and 29698910?
1730
What is the highest common factor of 4060 and 1338379?
203
What is the highest common factor of 357 and 959769?
51
What is the greatest common factor of 48 and 9812800?
16
What is the highest common factor of 17364 and 200506449?
4341
Calculate the greatest common divisor of 393 and 33589317.
393
Calculate the highest common factor of 7825300 and 12.
4
Calculate the highest common factor of 140 and 1290210.
10
What is the greatest common factor of 73554 and 9757221?
2829
Calculate the highest common divisor of 234944 and 22976.
64
What is the highest common factor of 15687 and 45088173?
747
What is the greatest common factor of 470 and 12200542?
94
Calculate the highest common divisor of 212255883 and 405.
81
Calculate the greatest common divisor of 4052289 and 279.
93
What is the greatest common divisor of 453233 and 55?
11
Calculate the greatest common factor of 1102989978 and 46.
46
What is the highest common factor of 1884 and 1751330604?
1884
Calculate the highest common factor of 619420416 and 9536.
9536
Calculate the highest common divisor of 3748 and 509331649.
937
Calculate the greatest common factor of 909 and 33399286.
101
Calculate the greatest common factor of 777 and 27566147.
259
What is the greatest common divisor of 227137 and 6749?
17
Calculate the highest common divisor of 1164 and 8243739.
291
Calculate the greatest common divisor of 189 and 21020661.
27
What is the highest common factor of 5173 and 42?
7
What is the highest common divisor of 2568 and 12944432?
856
What is the highest common divisor of 1497574 and 17686?
478
What is the highest common divisor of 42120248 and 1735?
347
Calculate the greatest common divisor of 47021919 and 69027.
3633
Calculate the highest common factor of 480660445 and 530.
265
Calculate the highest common factor of 47328 and 194160.
48
What is the highest common divisor of 5584467 and 32701?
617
What is the greatest common divisor of 138094 and 86438?
22
Calculate the highest common divisor of 23 and 1562592676.
23
Calculate the highest common factor of 597310 and 112148.
2438
Calculate the greatest common factor of 207 and 170388117.
207
Calculate the highest common factor of 19174104 and 12.
12
What is the highest common divisor of 2622 and 7136210?
874
What is the greatest common divisor of 3799 and 29183263?
131
Calculate the highest common factor of 32 and 1638616.
8
What is the highest common factor of 1473975 and 21825?
225
What is the highest common factor of 7676 and 1190654?
38
What is the highest common divisor of 413696 and 277144?
808
What is the highest common divisor of 86452674 and 3234?
462
What is the greatest common divisor of 1673360 and 48?
16
What is the greatest common factor of 17486 and 84554802?
2498
What is the greatest common divisor of 108 and 825222?
6
Calculate the greatest common divisor of 89967270 and 620.
310
Calculate the highest common divisor of 17256 and 7518583.
719
Calculate the highest common factor of 134 and 17164127.
67
What is the greatest common factor of 65285 and 7095?
55
What is the highest common divisor of 746757 and 20647?
11
Calculate the highest common factor of 654819 and 21582.
33
Calculate the greatest common divisor of 219 and 245395632.
219
What is the greatest common factor of 77 and 1625386?
7
Calculate the highest common divisor of 167093 and 56074445.
9829
Calculate the highest common divisor of 1012349 and 438262.
1811
Calculate the greatest common factor of 110994926 and 267.
89
What is the highest common factor of 80148156 and 264?
132
What is the greatest common divisor of 5588559 and 1969?
179
What is the greatest common factor of 7 and 1499995203?
7
Calculate the greatest common divisor of 18914 and 838971.
1351
Calculate the highest common divisor of 106545084 and 24.
12
Calculate the greatest common divisor of 37935803 and 1203.
401
What is the highest common factor of 3126508 and 11?
11
Calculate the highest common divisor of 1035523 and 658186.
1723
What is the highest common divisor of 8683 and 14076971?
457
Calculate the highest common factor of 510110151 and 123.
123
Calculate the highest common factor of 389481 and 32547.
57
Calculate the highest common divisor of 74376 and 47144.
8
Calculate the highest common factor of 388656 and 25224854.
5398
Calculate the greatest common divisor of 386282 and 365518.
358
What is the highest common factor of 7650 and 5649066?
306
What is the greatest common divisor of 150 and 41846730?
30
Calculate the highest common factor of 142815989 and 3914.
1957
Calculate the highest common factor of 1160400 and 15600.
1200
Calculate the highest common factor of 6844 and 142943784.
6844
What is the highest common factor of 481 and 438137128?
481
What is the greatest common divisor of 3360704 and 128?
64
Calculate the greatest common factor of 1438470 and 1386.
198
What is the greatest common factor of 415637713 and 10797?
3599
What is the highest common divisor of 1533617 and 1965?
131
What is the highest common factor of 52 and 920586628?
52
Calculate the greatest common factor of 59934 and 15582.
42
Calculate the greatest common factor of 1185010 and 427060.
1630
What is the highest common factor of 4278 and 635766?
138
What is the highest common divisor of 33450853 and 7148?
1787
Calculate the highest common divisor of 1723398 and 5376.
6
What is the greatest common factor of 451012 and 120931?
47
What is the highest common factor of 281197 and 276332?
973
What is the highest common divisor of 31 and 33644920?
31
What is the highest common divisor of 21556 and 62492?
68
What is the greatest common divisor of 90 and 130188010?
10
Calculate the greatest common factor of 23 and 6792199.
23
What is the highest common divisor of 332567906 and 289?
289
Calculate the greatest common factor of 1840 and 1748400.
80
What is the greatest common factor of 8425896 and 888?
24
What is the greatest common divisor of 12207142 and 604?
302
Calculate the greatest common divisor of 76167999 and 27.
27
Calculate the highest common divisor of 56461165 and 265.
265
Calculate the highest common divisor of 1155835 and 5890.
155
What is the highest common factor of 7530188 and 374688?
5204
Calculate the greatest common divisor of 1083 and 268862331.
1083
Calculate the highest common divisor of 30200 and 5444.
4
What is the highest common factor of 29547302 and 315370?
5734
What is the highest common factor of 5485414 and 7942?
418
Calculate the highest common factor of 14263 and 426989.
17
What is the highest common factor of 72 and 39513762?
18
What is the greatest common factor of 1545 and 628545?
15
What is the greatest common factor of 4493388 and 5397?
771
Calculate the greatest common factor of 1027665 and 1599.
123
Calculate the greatest common divisor of 708123 and 1309113.
